NOAA-style Climate Reports

- as reported from this site (LasCruces-Weather.com) beginning 04-03-07

2023: Jan | Feb | Mar | Apr | May | Jun | Jul | Aug | Sep | Oct | Nov | Dec 
2022: Jan | Feb | Mar | Apr | May | Jun | Jul | Aug | Sep | Oct | Nov | Dec 
2021: Jan | Feb | Mar | Apr | May | Jun | Jul | Aug | Sep | Oct | Nov | Dec 
2020: Jan | Feb | Mar | Apr | May | Jun | Jul | Aug | Sep | Oct | Nov | Dec 
2019: Jan | Feb | Mar | Apr | May | Jun | Jul | Aug | Sep | Oct | Nov | Dec 
2018: Jan | Feb | Mar | Apr | May | Jun | Jul | Aug | Sep | Oct | Nov | Dec 
2017: Jan | Feb | Mar | Apr | May | Jun | Jul | Aug | Sep | Oct | Nov | Dec 
2016: Jan | Feb | Mar | Apr | May | Jun | Jul | Aug | Sep | Oct | Nov | Dec 
2015: Jan | Feb | Mar | Apr | May | Jun | Jul | Aug | Sep | Oct | Nov | Dec 
2014: Jan | Feb | Mar | Apr | May | Jun | Jul | Aug | Sep | Oct | Nov | Dec 
2013: Jan | Feb | Mar | Apr | May | Jun | Jul | Aug | Sep | Oct | Nov | Dec 
2012: Jan | Feb | Mar | Apr | May | Jun | Jul | Aug | Sep | Oct | Nov | Dec 
2011: Jan | Feb | Mar | Apr | May | Jun | Jul | Aug | Sep | Oct | Nov | Dec 
2010: Jan | Feb | Mar | Apr | May | Jun | Jul | Aug | Sep | Oct | Nov | Dec 
2009: Jan | Feb | Mar | Apr | May | Jun | Jul | Aug | Sep | Oct | Nov | Dec 
2008: Jan | Feb | Mar | Apr | May | Jun | Jul | Aug | Sep | Oct | Nov | Dec 
2007: Jan | Feb | Mar | Apr | May | Jun | Jul | Aug | Sep | Oct | Nov | Dec 

Report for 2008 08
MONTHLY CLIMATOLOGICAL SUMMARY for AUG. 2008 NAME: C32 CITY: Las Cruces|East Mesa STATE: NM ELEV: 4474 ft LAT: 32 24' 08" N LONG: 106 41' 01" W TEMPERATURE (F), RAIN (in), WIND SPEED (mph) HEAT COOL AVG MEAN DEG DEG WIND DOM DAY TEMP HIGH TIME LOW TIME DAYS DAYS RAIN SPEED HIGH TIME DIR ------------------------------------------------------------------------------------ 1 80.4 95.5 6:00p 66.0 8:00a 0.0 14.1 0.00 1.7 12.0 6:00p N 2 81.1 92.4 4:00p 68.6 8:00a 0.0 16.1 0.00 1.9 16.0 6:00p NNE 3 80.4 90.9 6:00p 71.3 8:00a 0.0 15.4 0.00 3.4 16.0 10:00a SSW 4 77.7 89.7 6:00p 69.6 6:00a 0.0 12.7 0.03 1.6 17.0 4:00a S 5 79.8 92.3 6:00p 69.7 8:00a 0.0 14.8 0.00 1.8 15.0 4:00p ESE 6 79.1 92.2 4:00p 64.0 8:00a 0.0 14.1 0.00 2.1 14.0 4:00p N 7 79.7 90.4 2:00p 70.8 6:00a 0.0 14.7 0.01 2.7 23.0 6:00p NNE 8 76.3 87.1 6:00p 67.4 8:00a 0.0 11.3 0.00 2.8 21.0 2:00a NNE 9 78.8 90.8 6:00p 69.0 8:00a 0.0 13.8 0.00 2.2 13.0 8:00p S 10 79.3 89.4 2:00p 70.1 8:00a 0.0 14.3 0.00 2.1 15.0 6:00p E 11 79.8 92.0 6:00p 70.7 6:00a 0.0 14.8 0.00 2.0 12.0 12:00p S 12 80.5 93.7 6:00p 70.9 8:00a 0.0 15.5 0.00 3.2 26.0 8:00p SW 13 79.7 91.8 4:00p 67.5 6:00a 0.0 14.7 0.00 2.3 16.0 12:00p S 14 79.8 91.7 6:00p 72.9 12:00m 0.0 14.8 0.00 3.4 22.0 12:00m S 15 77.3 91.8 4:00p 61.8 10:00p 0.2 12.5 1.05 5.4 29.0 12:00m S 16 72.1 79.1 8:00p 66.7 6:00a 0.0 7.1 0.00 2.1 21.0 12:00m NNE 17 70.0 82.9 6:00p 61.2 8:00a 0.6 5.6 0.42 2.6 25.0 8:00p SSW 18 74.3 86.9 6:00p 62.0 8:00a 0.2 9.5 0.00 1.5 14.0 2:00p E 19 75.8 85.8 6:00p 68.3 8:00a 0.0 10.8 0.00 1.8 20.0 6:00a N 20 75.3 87.1 4:00p 66.1 8:00a 0.0 10.3 0.00 2.3 20.0 6:00p E 21 77.7 90.6 8:00p 64.2 8:00a 0.0 12.7 0.00 2.3 15.0 2:00a S 22 80.3 92.5 4:00p 69.4 8:00a 0.0 15.3 0.00 3.0 27.0 6:00p S 23 79.0 91.1 4:00p 68.9 8:00a 0.0 14.0 0.00 3.8 26.0 4:00p N 24 75.4 83.9 2:00p 68.5 6:00a 0.0 10.4 0.02 2.8 18.0 2:00a E 25 76.6 87.9 6:00p 65.4 6:00a 0.0 11.6 0.00 1.9 15.0 12:00p SSE 26 72.8 85.3 2:00p 62.7 12:00m 0.3 8.1 1.15 3.0 19.0 4:00p S 27 69.8 79.5 4:00p 63.0 2:00a 0.4 5.2 0.11 1.8 13.0 6:00a N 28 73.4 86.0 6:00p 66.2 8:00a 0.0 8.4 0.00 1.6 19.0 10:00p N 29 72.6 83.8 4:00p 64.2 4:00a 0.1 7.6 0.00 6.4 33.0 10:00p E 30 69.2 79.5 2:00p 62.4 6:00a 0.3 4.5 0.22 4.8 28.0 2:00a E 31 68.7 78.3 6:00p 61.4 12:00m 0.4 4.2 0.95 2.5 21.0 10:00p S ------------------------------------------------------------------------------------- 76.5 95.5 1 61.2 17 2.5 358.9 3.96 2.7 33.0 29 S Max >= 90.0: 15 Max <= 32.0: 0 Min <= 32.0: 0 Min <= 0.0: 0 Max Rain: 1.15 ON 08/26/08 Days of Rain: 8 (>.01 in) 6 (>.1 in) 2 (>1 in) Heat Base: 65.0 Cool Base: 65.0 Method: Integration