NOAA-style Climate Reports

- as reported from this site (LasCruces-Weather.com) beginning 04-03-07

2023: Jan | Feb | Mar | Apr | May | Jun | Jul | Aug | Sep | Oct | Nov | Dec 
2022: Jan | Feb | Mar | Apr | May | Jun | Jul | Aug | Sep | Oct | Nov | Dec 
2021: Jan | Feb | Mar | Apr | May | Jun | Jul | Aug | Sep | Oct | Nov | Dec 
2020: Jan | Feb | Mar | Apr | May | Jun | Jul | Aug | Sep | Oct | Nov | Dec 
2019: Jan | Feb | Mar | Apr | May | Jun | Jul | Aug | Sep | Oct | Nov | Dec 
2018: Jan | Feb | Mar | Apr | May | Jun | Jul | Aug | Sep | Oct | Nov | Dec 
2017: Jan | Feb | Mar | Apr | May | Jun | Jul | Aug | Sep | Oct | Nov | Dec 
2016: Jan | Feb | Mar | Apr | May | Jun | Jul | Aug | Sep | Oct | Nov | Dec 
2015: Jan | Feb | Mar | Apr | May | Jun | Jul | Aug | Sep | Oct | Nov | Dec 
2014: Jan | Feb | Mar | Apr | May | Jun | Jul | Aug | Sep | Oct | Nov | Dec 
2013: Jan | Feb | Mar | Apr | May | Jun | Jul | Aug | Sep | Oct | Nov | Dec 
2012: Jan | Feb | Mar | Apr | May | Jun | Jul | Aug | Sep | Oct | Nov | Dec 
2011: Jan | Feb | Mar | Apr | May | Jun | Jul | Aug | Sep | Oct | Nov | Dec 
2010: Jan | Feb | Mar | Apr | May | Jun | Jul | Aug | Sep | Oct | Nov | Dec 
2009: Jan | Feb | Mar | Apr | May | Jun | Jul | Aug | Sep | Oct | Nov | Dec 
2008: Jan | Feb | Mar | Apr | May | Jun | Jul | Aug | Sep | Oct | Nov | Dec 
2007: Jan | Feb | Mar | Apr | May | Jun | Jul | Aug | Sep | Oct | Nov | Dec 

Report for 2008 05
MONTHLY CLIMATOLOGICAL SUMMARY for MAY. 2008 NAME: C32 CITY: Las Cruces|East Mesa STATE: NM ELEV: 4474 ft LAT: 32 24' 08" N LONG: 106 41' 01" W TEMPERATURE (F), RAIN (in), WIND SPEED (mph) HEAT COOL AVG MEAN DEG DEG WIND DOM DAY TEMP HIGH TIME LOW TIME DAYS DAYS RAIN SPEED HIGH TIME DIR ------------------------------------------------------------------------------------ 1 68.3 79.2 3:30p 53.6 5:50a 1.6 4.9 0.00 11.4 36.0 4:10p WSW 2 60.3 77.7 5:00p 39.3 6:40a 7.7 3.0 0.00 5.7 33.0 4:20p NNW 3 61.5 77.4 4:40p 40.3 6:50a 6.9 3.4 0.00 3.6 20.0 4:20p SSW 4 68.3 84.0 3:40p 50.7 7:00a 3.3 6.7 0.00 2.4 17.0 3:20p SSW 5 71.7 86.5 3:00p 55.2 6:00a 1.9 8.7 0.00 2.8 24.0 2:30p SSW 6 71.8 83.9 3:10p 57.9 6:00a 1.1 7.8 0.00 6.2 28.0 12:40p S 7 67.9 82.4 4:50p 52.1 6:10a 3.3 6.2 0.00 7.2 25.0 8:10a SW 8 71.3 84.1 5:00p 56.0 6:10a 1.1 7.4 0.00 5.8 31.0 2:20p WSW 9 70.9 84.5 5:10p 56.4 5:30a 2.0 7.9 0.00 4.9 27.0 6:30p SW 10 72.3 86.2 5:10p 55.9 5:40a 1.3 8.6 0.00 4.5 19.0 9:00a SW 11 70.5 86.0 4:20p 50.8 6:10a 2.3 7.8 0.00 3.0 20.0 4:20p S 12 75.5 88.9 3:20p 60.0 6:50a 0.3 10.9 0.00 8.4 33.0 12:00p SW 13 70.7 84.7 3:10p 54.8 5:10a 2.0 7.7 0.00 7.6 41.0 1:50p SW 14 62.8 72.6 5:00p 52.2 7:10a 4.0 1.8 0.01 3.9 24.0 6:10a NW 15 60.9 75.7 3:30p 48.3 12:00m 5.5 1.4 0.01 5.0 26.0 6:30p N 16 58.0 68.0 3:20p 47.3 1:40a 7.2 0.1 0.02 3.1 18.0 4:20a SSW 17 61.8 81.0 3:00p 46.5 5:30a 6.2 3.0 0.00 4.1 33.0 3:50p W 18 69.6 86.1 4:10p 48.5 6:40a 4.3 8.9 0.00 2.2 24.0 6:10p ENE 19 79.0 95.2 5:00p 61.9 5:10a 0.2 14.3 0.00 3.1 20.0 4:40p S 20 82.8 100.0 4:30p 60.8 6:20a 0.2 18.0 0.00 3.2 29.0 7:00p N 21 81.2 94.4 1:40p 66.9 5:30a 0.0 16.2 0.00 11.9 46.0 4:30p SSW 22 70.3 80.0 4:50p 61.6 6:50a 0.4 5.6 0.00 15.1 37.0 5:50p SW 23 61.6 72.3 4:30p 49.3 6:20a 4.2 0.8 0.00 5.4 27.0 4:20p W 24 67.8 83.3 5:00p 51.0 6:20a 3.7 6.6 0.00 4.1 26.0 2:20p SSW 25 74.3 89.4 4:10p 55.8 4:00a 1.7 11.0 0.00 3.8 25.0 4:40p ESE 26 76.1 89.8 3:10p 59.6 6:10a 0.6 11.6 0.00 6.2 30.0 2:10p WSW 27 74.8 90.2 5:10p 56.6 6:20a 1.2 11.0 0.00 3.0 18.0 3:30p SE 28 79.8 95.8 4:40p 60.3 5:10a 0.2 15.1 0.00 6.7 26.0 3:40p ESE 29 80.6 95.6 3:40p 65.2 6:50a 0.0 15.6 0.00 5.0 25.0 4:50p WSW 30 79.0 94.2 5:00p 59.0 6:10a 0.6 14.6 0.00 4.0 20.0 4:30p SW 31 79.9 97.1 3:50p 58.4 6:40a 0.6 15.5 0.00 3.9 21.0 5:10p SSE ------------------------------------------------------------------------------------- 71.0 100.0 20 39.3 2 75.6 262.1 0.04 5.4 46.0 21 SW Max >= 90.0: 8 Max <= 32.0: 0 Min <= 32.0: 0 Min <= 0.0: 0 Max Rain: 0.02 ON 05/16/08 Days of Rain: 1 (>.01 in) 0 (>.1 in) 0 (>1 in) Heat Base: 65.0 Cool Base: 65.0 Method: Integration