NOAA-style Climate Reports

- as reported from this site (LasCruces-Weather.com) beginning 04-03-07

2023: Jan | Feb | Mar | Apr | May | Jun | Jul | Aug | Sep | Oct | Nov | Dec 
2022: Jan | Feb | Mar | Apr | May | Jun | Jul | Aug | Sep | Oct | Nov | Dec 
2021: Jan | Feb | Mar | Apr | May | Jun | Jul | Aug | Sep | Oct | Nov | Dec 
2020: Jan | Feb | Mar | Apr | May | Jun | Jul | Aug | Sep | Oct | Nov | Dec 
2019: Jan | Feb | Mar | Apr | May | Jun | Jul | Aug | Sep | Oct | Nov | Dec 
2018: Jan | Feb | Mar | Apr | May | Jun | Jul | Aug | Sep | Oct | Nov | Dec 
2017: Jan | Feb | Mar | Apr | May | Jun | Jul | Aug | Sep | Oct | Nov | Dec 
2016: Jan | Feb | Mar | Apr | May | Jun | Jul | Aug | Sep | Oct | Nov | Dec 
2015: Jan | Feb | Mar | Apr | May | Jun | Jul | Aug | Sep | Oct | Nov | Dec 
2014: Jan | Feb | Mar | Apr | May | Jun | Jul | Aug | Sep | Oct | Nov | Dec 
2013: Jan | Feb | Mar | Apr | May | Jun | Jul | Aug | Sep | Oct | Nov | Dec 
2012: Jan | Feb | Mar | Apr | May | Jun | Jul | Aug | Sep | Oct | Nov | Dec 
2011: Jan | Feb | Mar | Apr | May | Jun | Jul | Aug | Sep | Oct | Nov | Dec 
2010: Jan | Feb | Mar | Apr | May | Jun | Jul | Aug | Sep | Oct | Nov | Dec 
2009: Jan | Feb | Mar | Apr | May | Jun | Jul | Aug | Sep | Oct | Nov | Dec 
2008: Jan | Feb | Mar | Apr | May | Jun | Jul | Aug | Sep | Oct | Nov | Dec 
2007: Jan | Feb | Mar | Apr | May | Jun | Jul | Aug | Sep | Oct | Nov | Dec 

Report for 2008 04
MONTHLY CLIMATOLOGICAL SUMMARY for APR. 2008 NAME: C32 CITY: Las Cruces|East Mesa STATE: NM ELEV: 4474 ft LAT: 32 24' 08" N LONG: 106 41' 01" W TEMPERATURE (F), RAIN (in), WIND SPEED (mph) HEAT COOL AVG MEAN DEG DEG WIND DOM DAY TEMP HIGH TIME LOW TIME DAYS DAYS RAIN SPEED HIGH TIME DIR ------------------------------------------------------------------------------------ 1 63.1 78.7 4:30p 40.2 6:30a 6.2 4.3 0.00 4.0 23.0 1:50p S 2 63.6 76.7 4:10p 45.8 7:00a 5.3 3.9 0.00 4.5 31.0 6:00p SSW 3 61.2 72.5 3:00p 49.0 7:20a 5.6 1.7 0.00 5.9 32.0 3:50p SSW 4 56.7 70.0 4:20p 43.2 7:20a 8.9 0.7 0.00 2.5 18.0 12:30p NNE 5 61.8 77.1 3:50p 41.4 6:00a 6.5 3.4 0.00 6.0 27.0 1:40p SW 6 62.7 76.7 3:20p 45.7 5:50a 5.4 3.1 0.00 5.1 25.0 3:40p SW 7 65.0 77.3 4:40p 50.9 7:10a 3.5 3.6 0.00 7.4 32.0 5:40p WSW 8 62.4 77.5 4:20p 40.2 6:10a 5.9 3.3 0.00 3.8 22.0 3:20p NNE 9 60.4 73.6 1:00p 50.6 10:50p 5.6 1.0 0.00 9.4 37.0 1:10p W 10 54.8 65.7 4:20p 45.2 12:00m 10.2 0.0 0.00 12.7 38.0 2:00p W 11 53.3 68.3 4:50p 36.1 5:00a 12.0 0.3 0.00 4.3 21.0 11:20a N 12 50.5 65.3 5:00p 34.4 6:00a 14.5 0.0 0.00 2.8 39.0 1:30p NNW 13 54.6 72.1 5:20p 33.6 6:40a 11.5 1.2 0.00 2.2 17.0 5:00p E 14 61.8 79.0 3:50p 39.4 5:50a 7.4 4.2 0.00 2.3 21.0 1:50p E 15 71.1 86.6 3:10p 55.1 3:50a 2.0 8.1 0.00 6.8 35.0 4:00p WSW 16 68.5 82.0 2:30p 52.0 6:40a 2.7 6.1 0.00 8.4 34.0 1:10p WSW 17 55.1 63.2 4:30p 46.0 11:50p 9.9 0.0 0.00 6.9 27.0 3:00p WSW 18 55.8 74.2 4:50p 34.4 4:50a 11.0 1.8 0.00 1.6 15.0 2:30p SE 19 67.0 84.4 4:40p 43.6 7:00a 5.1 7.1 0.00 3.2 21.0 4:30p SSW 20 68.0 79.4 4:30p 53.2 6:50a 2.0 4.9 0.00 7.1 29.0 2:10p W 21 65.7 79.9 5:00p 49.2 6:50a 4.2 4.9 0.00 5.1 26.0 2:50p W 22 66.8 83.7 5:10p 48.3 7:10a 4.8 6.5 0.00 2.5 20.0 5:00p SW 23 71.9 83.3 2:00p 55.1 6:50a 1.0 7.9 0.00 5.4 27.0 4:40p SW 24 69.6 82.5 4:10p 55.8 6:50a 1.9 6.5 0.00 7.4 33.0 3:10p WSW 25 64.3 76.3 6:40p 50.8 6:50a 4.0 3.3 0.00 4.5 23.0 10:50a N 26 64.9 82.9 4:40p 42.0 3:10a 6.4 6.3 0.00 2.8 20.0 11:50p ESE 27 59.1 70.9 4:00p 45.0 7:00a 6.7 0.8 0.00 4.9 24.0 1:40a N 28 59.4 75.5 3:50p 39.1 5:40a 8.2 2.6 0.00 2.7 21.0 1:30p SSW 29 68.8 86.9 4:00p 50.7 5:00a 4.0 7.8 0.00 3.2 21.0 3:30p SSW 30 72.0 85.3 3:10p 57.4 4:10a 1.7 8.7 0.00 9.5 35.0 3:30p SW ------------------------------------------------------------------------------------- 62.7 86.9 29 33.6 13 184.1 114.0 0.00 5.2 39.0 12 WSW Max >= 90.0: 0 Max <= 32.0: 0 Min <= 32.0: 0 Min <= 0.0: 0 Max Rain: 0.00 ON 04/01/08 Days of Rain: 0 (>.01 in) 0 (>.1 in) 0 (>1 in) Heat Base: 65.0 Cool Base: 65.0 Method: Integration