NOAA-style Climate Reports

- as reported from this site (LasCruces-Weather.com) beginning 04-03-07

2023: Jan | Feb | Mar | Apr | May | Jun | Jul | Aug | Sep | Oct | Nov | Dec 
2022: Jan | Feb | Mar | Apr | May | Jun | Jul | Aug | Sep | Oct | Nov | Dec 
2021: Jan | Feb | Mar | Apr | May | Jun | Jul | Aug | Sep | Oct | Nov | Dec 
2020: Jan | Feb | Mar | Apr | May | Jun | Jul | Aug | Sep | Oct | Nov | Dec 
2019: Jan | Feb | Mar | Apr | May | Jun | Jul | Aug | Sep | Oct | Nov | Dec 
2018: Jan | Feb | Mar | Apr | May | Jun | Jul | Aug | Sep | Oct | Nov | Dec 
2017: Jan | Feb | Mar | Apr | May | Jun | Jul | Aug | Sep | Oct | Nov | Dec 
2016: Jan | Feb | Mar | Apr | May | Jun | Jul | Aug | Sep | Oct | Nov | Dec 
2015: Jan | Feb | Mar | Apr | May | Jun | Jul | Aug | Sep | Oct | Nov | Dec 
2014: Jan | Feb | Mar | Apr | May | Jun | Jul | Aug | Sep | Oct | Nov | Dec 
2013: Jan | Feb | Mar | Apr | May | Jun | Jul | Aug | Sep | Oct | Nov | Dec 
2012: Jan | Feb | Mar | Apr | May | Jun | Jul | Aug | Sep | Oct | Nov | Dec 
2011: Jan | Feb | Mar | Apr | May | Jun | Jul | Aug | Sep | Oct | Nov | Dec 
2010: Jan | Feb | Mar | Apr | May | Jun | Jul | Aug | Sep | Oct | Nov | Dec 
2009: Jan | Feb | Mar | Apr | May | Jun | Jul | Aug | Sep | Oct | Nov | Dec 
2008: Jan | Feb | Mar | Apr | May | Jun | Jul | Aug | Sep | Oct | Nov | Dec 
2007: Jan | Feb | Mar | Apr | May | Jun | Jul | Aug | Sep | Oct | Nov | Dec 

Report for 2008 02
MONTHLY CLIMATOLOGICAL SUMMARY for FEB. 2008 NAME: C32 CITY: Las Cruces|East Mesa STATE: NM ELEV: 4474 ft LAT: 32 24' 08" N LONG: 106 41' 01" W TEMPERATURE (F), RAIN (in), WIND SPEED (mph) HEAT COOL AVG MEAN DEG DEG WIND DOM DAY TEMP HIGH TIME LOW TIME DAYS DAYS RAIN SPEED HIGH TIME DIR ------------------------------------------------------------------------------------ 1 40.6 58.1 5:00p 21.5 3:00a 24.4 0.0 0.00 4.0 22.0 6:00p SSW 2 48.9 63.2 4:00p 35.2 6:30a 16.1 0.0 0.00 3.8 22.0 2:30p SSE 3 52.8 66.3 2:30p 38.3 6:30a 12.3 0.0 0.00 8.9 34.0 2:30p SSW 4 51.0 64.4 3:00p 37.8 12:00m 14.0 0.0 0.00 11.2 39.0 12:30p SSW 5 35.9 46.3 4:30p 25.3 11:30p 29.1 0.0 0.00 3.4 26.0 3:30p SW 6 36.7 53.4 5:00p 18.4 6:30a 28.3 0.0 0.00 3.3 21.0 1:30p ENE 7 45.0 59.9 4:00p 27.9 6:30a 20.0 0.0 0.00 2.7 18.0 3:00p SSW 8 51.1 65.8 2:50p 35.5 11:30p 13.8 0.0 0.00 4.3 20.0 12:00p NNW 9 47.5 67.7 4:00p 27.8 7:00a 17.7 0.2 0.00 2.6 14.0 2:20p N 10 49.7 70.2 3:30p 30.2 7:10a 16.0 0.6 0.00 2.8 14.0 3:10p NE 11 52.8 71.4 3:40p 33.7 5:50a 13.0 0.9 0.00 3.6 19.0 5:10p WSW 12 49.0 65.0 3:50p 34.4 7:10a 16.0 0.0 0.00 2.6 15.0 1:50p N 13 52.7 69.7 3:10p 34.8 3:50a 12.8 0.4 0.00 4.5 22.0 2:20p NNE 14 57.9 69.6 3:10p 45.2 7:10a 7.6 0.5 0.00 8.7 32.0 1:20p SSW 15 49.7 65.5 1:10p 32.7 10:30p 15.3 0.0 0.08 4.2 26.0 6:40p SSE 16 39.9 52.2 3:30p 31.1 7:20a 25.1 0.0 0.25 4.9 27.0 4:50p WSW 17 46.0 61.2 3:30p 34.0 6:00a 19.0 0.0 0.00 5.0 20.0 10:00a S 18 43.7 59.2 4:00p 28.3 7:00a 21.3 0.0 0.00 1.3 12.0 1:00a SSW 19 51.7 67.9 4:10p 31.0 7:00a 13.6 0.3 0.00 1.8 17.0 2:40p SSW 20 55.4 66.3 3:10p 44.2 7:00a 9.7 0.0 0.00 5.0 24.0 1:50p WSW 21 50.0 58.0 2:50p 43.2 6:30a 15.0 0.0 0.00 7.9 32.0 11:30a WSW 22 49.2 60.2 4:50p 35.8 6:50a 15.8 0.0 0.00 4.4 22.0 3:20p S 23 54.7 63.6 3:20p 42.7 11:10p 10.3 0.0 0.00 8.9 32.0 11:20a WSW 24 54.7 72.3 4:10p 36.3 5:40a 11.4 1.1 0.00 3.5 20.0 4:40p ESE 25 58.3 69.7 2:30p 42.0 12:00m 7.5 0.8 0.00 5.3 25.0 11:20a N 26 47.2 61.5 3:00p 31.9 6:40a 17.8 0.0 0.00 4.0 21.0 10:00a NNE 27 46.7 63.7 4:10p 27.9 7:00a 18.3 0.0 0.00 1.5 11.0 1:40p NNE 28 57.3 76.8 4:00p 38.2 7:00a 9.6 2.0 0.00 2.4 18.0 4:40p SSW 29 58.8 75.0 2:00p 40.1 5:10a 8.3 2.1 0.00 2.6 17.0 7:20p ENE ------------------------------------------------------------------------------------- 49.5 76.8 28 18.4 6 459.1 8.9 0.33 4.5 39.0 4 SSW Max >= 90.0: 0 Max <= 32.0: 0 Min <= 32.0: 11 Min <= 0.0: 0 Max Rain: 0.25 ON 02/16/08 Days of Rain: 2 (>.01 in) 1 (>.1 in) 0 (>1 in) Heat Base: 65.0 Cool Base: 65.0 Method: Integration