NOAA-style Climate Reports

- as reported from this site (LasCruces-Weather.com) beginning 04-03-07

2023: Jan | Feb | Mar | Apr | May | Jun | Jul | Aug | Sep | Oct | Nov | Dec 
2022: Jan | Feb | Mar | Apr | May | Jun | Jul | Aug | Sep | Oct | Nov | Dec 
2021: Jan | Feb | Mar | Apr | May | Jun | Jul | Aug | Sep | Oct | Nov | Dec 
2020: Jan | Feb | Mar | Apr | May | Jun | Jul | Aug | Sep | Oct | Nov | Dec 
2019: Jan | Feb | Mar | Apr | May | Jun | Jul | Aug | Sep | Oct | Nov | Dec 
2018: Jan | Feb | Mar | Apr | May | Jun | Jul | Aug | Sep | Oct | Nov | Dec 
2017: Jan | Feb | Mar | Apr | May | Jun | Jul | Aug | Sep | Oct | Nov | Dec 
2016: Jan | Feb | Mar | Apr | May | Jun | Jul | Aug | Sep | Oct | Nov | Dec 
2015: Jan | Feb | Mar | Apr | May | Jun | Jul | Aug | Sep | Oct | Nov | Dec 
2014: Jan | Feb | Mar | Apr | May | Jun | Jul | Aug | Sep | Oct | Nov | Dec 
2013: Jan | Feb | Mar | Apr | May | Jun | Jul | Aug | Sep | Oct | Nov | Dec 
2012: Jan | Feb | Mar | Apr | May | Jun | Jul | Aug | Sep | Oct | Nov | Dec 
2011: Jan | Feb | Mar | Apr | May | Jun | Jul | Aug | Sep | Oct | Nov | Dec 
2010: Jan | Feb | Mar | Apr | May | Jun | Jul | Aug | Sep | Oct | Nov | Dec 
2009: Jan | Feb | Mar | Apr | May | Jun | Jul | Aug | Sep | Oct | Nov | Dec 
2008: Jan | Feb | Mar | Apr | May | Jun | Jul | Aug | Sep | Oct | Nov | Dec 
2007: Jan | Feb | Mar | Apr | May | Jun | Jul | Aug | Sep | Oct | Nov | Dec 

Report for 2007 12
MONTHLY CLIMATOLOGICAL SUMMARY for DEC. 2007 NAME: C32 CITY: Las Cruces|East Mesa STATE: NM ELEV: 4474 ft LAT: 32 24' 08" N LONG: 106 41' 01" W TEMPERATURE (F), RAIN (in), WIND SPEED (mph) HEAT COOL AVG MEAN DEG DEG WIND DOM DAY TEMP HIGH TIME LOW TIME DAYS DAYS RAIN SPEED HIGH TIME DIR ------------------------------------------------------------------------------------ 1 55.8 60.5 11:30a 50.8 7:00a 9.2 0.0 0.29 9.1 33.0 5:30a WSW 2 49.4 57.9 4:00p 36.0 12:00m 15.6 0.0 0.00 3.3 21.0 2:30a WSW 3 43.1 59.0 4:00p 30.7 7:00a 21.9 0.0 0.00 2.3 15.0 6:00a NNE 4 50.2 68.5 4:00p 32.7 7:30a 15.1 0.3 0.00 2.7 13.0 1:00p NNE 5 53.7 70.2 2:00p 40.5 7:30a 11.9 0.6 0.00 3.4 13.0 8:00a S 6 56.8 67.0 1:30p 43.5 6:00a 8.4 0.2 0.00 5.9 28.0 4:00p S 7 58.5 67.9 2:30p 51.1 12:00m 6.7 0.3 0.00 8.3 24.0 7:00a SW 8 54.3 63.4 2:00p 46.0 12:00m 10.7 0.0 0.00 7.4 32.0 3:30p SSW 9 51.5 62.2 1:30p 42.2 6:30a 13.5 0.0 0.00 1.7 18.0 1:30p ENE 10 45.8 53.2 12:00p 42.3 6:30a 19.2 0.0 0.58 2.1 15.0 12:00p SSW 11 41.3 48.3 1:00p 34.4 10:30p 23.7 0.0 0.00 1.7 20.0 1:00a SSW 12 39.4 49.7 3:00p 32.3 7:30a 25.6 0.0 0.00 1.9 12.0 2:00p NNW 13 37.1 49.6 3:00p 28.7 7:30a 27.9 0.0 0.00 1.5 11.0 10:00a NNE 14 39.2 50.7 2:00p 29.6 6:00a 25.8 0.0 0.00 5.9 25.0 2:00p NNW 15 30.9 43.8 4:00p 22.9 6:00a 32.0 0.0 0.00 1.8 18.0 12:30a N 16 32.8 47.9 4:30p 19.8 2:30a 32.2 0.0 0.00 1.4 12.0 9:00a NE 17 39.1 55.9 2:30p 24.6 4:30a 25.9 0.0 0.00 1.5 14.0 3:00p ENE 18 47.4 61.5 3:30p 37.5 2:00a 17.6 0.0 0.00 2.2 12.0 3:00p S 19 46.7 59.8 3:00p 33.9 6:30a 17.9 0.0 0.00 4.1 23.0 3:00p SSE 20 44.2 58.7 3:00p 30.7 7:30a 20.8 0.0 0.00 2.1 17.0 2:00p SSW 21 46.1 60.0 2:30p 36.6 8:00a 18.9 0.0 0.00 6.0 38.0 4:00p WSW 22 34.4 44.1 3:30p 25.1 6:30a 30.6 0.0 0.00 2.9 18.0 2:30a SSE 23 33.8 50.6 3:30p 17.9 5:30a 31.2 0.0 0.00 0.9 10.0 11:30a N 24 36.0 50.7 3:00p 21.6 4:00a 29.0 0.0 0.00 1.8 13.0 3:00a N 25 41.0 56.8 2:00p 29.6 11:30p 24.0 0.0 0.00 7.2 33.0 3:00p SSE 26 32.8 43.4 3:00p 21.3 7:30a 32.2 0.0 0.00 2.6 14.0 2:30p S 27 31.7 41.3 1:30p 21.0 12:00m 33.3 0.0 0.00 6.4 36.0 12:30p S 28 29.7 41.0 3:00p 18.2 5:30a 35.3 0.0 0.00 2.0 14.0 10:30a N 29 34.7 45.1 4:00p 23.3 6:30a 30.3 0.0 0.00 1.2 7.0 12:30a S 30 39.4 54.6 3:30p 19.7 7:30a 25.6 0.0 0.00 2.7 16.0 4:00p S 31 44.5 59.0 3:00p 28.8 12:00m 20.5 0.0 0.00 3.6 17.0 9:30a SSE ------------------------------------------------------------------------------------- 42.6 70.2 5 17.9 23 692.5 1.4 0.87 3.5 38.0 21 S Max >= 90.0: 0 Max <= 32.0: 0 Min <= 32.0: 17 Min <= 0.0: 0 Max Rain: 0.58 ON 12/10/07 Days of Rain: 2 (>.01 in) 2 (>.1 in) 0 (>1 in) Heat Base: 65.0 Cool Base: 65.0 Method: Integration