NOAA-style Climate Reports

- as reported from this site (LasCruces-Weather.com) beginning 04-03-07

2023: Jan | Feb | Mar | Apr | May | Jun | Jul | Aug | Sep | Oct | Nov | Dec 
2022: Jan | Feb | Mar | Apr | May | Jun | Jul | Aug | Sep | Oct | Nov | Dec 
2021: Jan | Feb | Mar | Apr | May | Jun | Jul | Aug | Sep | Oct | Nov | Dec 
2020: Jan | Feb | Mar | Apr | May | Jun | Jul | Aug | Sep | Oct | Nov | Dec 
2019: Jan | Feb | Mar | Apr | May | Jun | Jul | Aug | Sep | Oct | Nov | Dec 
2018: Jan | Feb | Mar | Apr | May | Jun | Jul | Aug | Sep | Oct | Nov | Dec 
2017: Jan | Feb | Mar | Apr | May | Jun | Jul | Aug | Sep | Oct | Nov | Dec 
2016: Jan | Feb | Mar | Apr | May | Jun | Jul | Aug | Sep | Oct | Nov | Dec 
2015: Jan | Feb | Mar | Apr | May | Jun | Jul | Aug | Sep | Oct | Nov | Dec 
2014: Jan | Feb | Mar | Apr | May | Jun | Jul | Aug | Sep | Oct | Nov | Dec 
2013: Jan | Feb | Mar | Apr | May | Jun | Jul | Aug | Sep | Oct | Nov | Dec 
2012: Jan | Feb | Mar | Apr | May | Jun | Jul | Aug | Sep | Oct | Nov | Dec 
2011: Jan | Feb | Mar | Apr | May | Jun | Jul | Aug | Sep | Oct | Nov | Dec 
2010: Jan | Feb | Mar | Apr | May | Jun | Jul | Aug | Sep | Oct | Nov | Dec 
2009: Jan | Feb | Mar | Apr | May | Jun | Jul | Aug | Sep | Oct | Nov | Dec 
2008: Jan | Feb | Mar | Apr | May | Jun | Jul | Aug | Sep | Oct | Nov | Dec 
2007: Jan | Feb | Mar | Apr | May | Jun | Jul | Aug | Sep | Oct | Nov | Dec 

Report for 2007 11
MONTHLY CLIMATOLOGICAL SUMMARY for NOV. 2007 NAME: C32 CITY: Las Cruces|East Mesa STATE: NM ELEV: 4474 ft LAT: 32 24' 08" N LONG: 106 41' 01" W TEMPERATURE (F), RAIN (in), WIND SPEED (mph) HEAT COOL AVG MEAN DEG DEG WIND DOM DAY TEMP HIGH TIME LOW TIME DAYS DAYS RAIN SPEED HIGH TIME DIR ------------------------------------------------------------------------------------ 1 56.1 70.8 3:30p 42.4 8:00a 9.6 0.7 0.00 1.4 15.0 3:00p ESE 2 59.1 77.3 4:30p 39.9 6:30a 8.5 2.5 0.00 1.3 14.0 11:30p SSE 3 57.6 73.3 4:30p 41.9 8:00a 8.9 1.5 0.00 2.4 13.0 4:30a N 4 59.7 76.7 2:00p 42.0 6:30a 7.8 2.5 0.00 1.9 11.0 2:00p NNE 5 62.0 79.2 2:30p 40.7 6:00a 6.5 3.5 0.00 2.5 17.0 11:00p SSE 6 57.8 67.7 3:00p 46.4 6:30a 7.4 0.3 0.00 2.3 20.0 12:30a ESE 7 56.7 73.6 3:00p 40.4 6:00a 9.8 1.5 0.00 1.0 9.0 9:00a ESE 8 60.6 78.6 3:30p 43.6 7:00a 7.4 3.0 0.00 1.4 12.0 3:30p ESE 9 61.0 77.0 3:30p 42.9 6:00a 6.5 2.6 0.00 1.6 10.0 1:30p SE 10 63.3 76.0 12:30p 52.1 2:30a 4.2 2.5 0.00 2.4 16.0 12:00p SE 11 61.5 75.1 2:30p 52.1 7:30a 5.5 2.0 0.00 2.1 15.0 2:30p S 12 59.7 70.8 1:00p 47.6 6:00a 6.2 0.9 0.00 1.3 13.0 2:00p SE 13 60.9 75.4 2:30p 45.8 7:00a 6.5 2.4 0.00 1.6 13.0 2:00p SSW 14 60.2 77.7 3:00p 41.9 5:00a 7.4 2.6 0.00 3.8 28.0 9:30p E 15 51.4 60.3 2:00p 42.6 6:30a 13.6 0.0 0.00 2.5 22.0 12:30a SSW 16 47.3 57.3 4:00p 40.9 4:00a 17.7 0.0 0.03 1.4 14.0 12:00p ESE 17 52.2 72.8 3:30p 36.9 6:30a 13.7 0.9 0.01 1.8 16.0 3:30p ESE 18 56.0 75.2 4:00p 39.7 2:30a 11.1 2.1 0.01 2.2 13.0 9:00a N 19 57.0 74.1 2:30p 38.6 6:30a 10.0 2.0 0.00 1.3 12.0 2:00p SW 20 61.3 77.7 2:30p 43.9 7:30a 6.5 2.8 0.00 4.0 21.0 4:00p S 21 60.5 73.3 3:00p 49.5 12:00m 6.2 1.7 0.00 4.1 21.0 11:30a S 22 43.3 50.7 12:30a 32.6 12:00m 21.7 0.0 0.00 2.2 16.0 12:00p NE 23 42.0 54.7 3:30p 29.3 7:00a 23.0 0.0 0.01 1.6 15.0 1:30p ENE 24 37.1 44.0 1:00a 31.5 12:00m 27.9 0.0 0.18 4.2 22.0 5:00a NE 25 36.8 48.4 3:30p 28.0 7:30a 28.2 0.0 0.01 1.8 12.0 2:00p SW 26 39.0 49.7 2:00p 30.3 5:30a 26.0 0.0 0.00 1.6 15.0 9:30a SW 27 42.8 57.8 3:00p 28.6 3:00a 22.2 0.0 0.00 1.9 14.0 2:30p SSW 28 53.0 66.7 2:00p 38.1 1:30a 12.1 0.1 0.00 3.0 15.0 3:00p SSW 29 49.5 59.5 3:30p 38.4 5:00a 15.5 0.0 0.00 0.8 7.0 1:30a S 30 56.5 65.2 1:00p 31.5 8:30p 8.5 0.0 0.26 4.0 26.0 11:30p SSW ------------------------------------------------------------------------------------- 54.1 79.2 5 28.0 25 366.1 38.1 0.51 2.2 28.0 14 SSW Max >= 90.0: 0 Max <= 32.0: 0 Min <= 32.0: 6 Min <= 0.0: 0 Max Rain: 0.26 ON 11/30/07 Days of Rain: 3 (>.01 in) 2 (>.1 in) 0 (>1 in) Heat Base: 65.0 Cool Base: 65.0 Method: Integration