NOAA-style Climate Reports

- as reported from this site (LasCruces-Weather.com) beginning 04-03-07

2023: Jan | Feb | Mar | Apr | May | Jun | Jul | Aug | Sep | Oct | Nov | Dec 
2022: Jan | Feb | Mar | Apr | May | Jun | Jul | Aug | Sep | Oct | Nov | Dec 
2021: Jan | Feb | Mar | Apr | May | Jun | Jul | Aug | Sep | Oct | Nov | Dec 
2020: Jan | Feb | Mar | Apr | May | Jun | Jul | Aug | Sep | Oct | Nov | Dec 
2019: Jan | Feb | Mar | Apr | May | Jun | Jul | Aug | Sep | Oct | Nov | Dec 
2018: Jan | Feb | Mar | Apr | May | Jun | Jul | Aug | Sep | Oct | Nov | Dec 
2017: Jan | Feb | Mar | Apr | May | Jun | Jul | Aug | Sep | Oct | Nov | Dec 
2016: Jan | Feb | Mar | Apr | May | Jun | Jul | Aug | Sep | Oct | Nov | Dec 
2015: Jan | Feb | Mar | Apr | May | Jun | Jul | Aug | Sep | Oct | Nov | Dec 
2014: Jan | Feb | Mar | Apr | May | Jun | Jul | Aug | Sep | Oct | Nov | Dec 
2013: Jan | Feb | Mar | Apr | May | Jun | Jul | Aug | Sep | Oct | Nov | Dec 
2012: Jan | Feb | Mar | Apr | May | Jun | Jul | Aug | Sep | Oct | Nov | Dec 
2011: Jan | Feb | Mar | Apr | May | Jun | Jul | Aug | Sep | Oct | Nov | Dec 
2010: Jan | Feb | Mar | Apr | May | Jun | Jul | Aug | Sep | Oct | Nov | Dec 
2009: Jan | Feb | Mar | Apr | May | Jun | Jul | Aug | Sep | Oct | Nov | Dec 
2008: Jan | Feb | Mar | Apr | May | Jun | Jul | Aug | Sep | Oct | Nov | Dec 
2007: Jan | Feb | Mar | Apr | May | Jun | Jul | Aug | Sep | Oct | Nov | Dec 

Report for 2007 08
MONTHLY CLIMATOLOGICAL SUMMARY for AUG. 2007 NAME: C32 CITY: Las Cruces|East Mesa STATE: NM ELEV: 4474 ft LAT: 32 24' 08" N LONG: 106 41' 01" W TEMPERATURE (F), RAIN (in), WIND SPEED (mph) HEAT COOL AVG MEAN DEG DEG WIND DOM DAY TEMP HIGH TIME LOW TIME DAYS DAYS RAIN SPEED HIGH TIME DIR ------------------------------------------------------------------------------------ 1 75.0 81.7 6:00p 70.2 12:00m 0.0 10.0 0.00 1.9 19.0 2:00p SSW 2 73.0 82.8 4:00p 66.9 7:30p 0.0 8.0 1.80 2.4 30.0 7:00p S 3 74.4 84.9 5:00p 65.4 6:00a 0.0 9.4 0.00 2.8 18.0 5:00p N 4 77.7 88.6 4:00p 67.4 7:00a 0.0 12.7 0.00 2.3 30.0 4:00p SSW 5 80.5 92.0 5:00p 68.9 6:00a 0.0 15.5 0.00 3.8 19.0 6:30p SSW 6 77.6 89.0 4:00p 68.5 6:30a 0.0 12.6 0.00 4.8 22.0 5:30p SSW 7 78.0 89.3 5:00p 66.7 6:30a 0.0 13.0 0.00 5.1 18.0 11:30a SSW 8 81.0 94.0 3:30p 65.8 6:30a 0.0 16.0 0.00 1.6 16.0 5:30p SW 9 79.2 95.6 4:00p 67.5 11:30p 0.0 14.2 0.19 3.9 30.0 6:00p S 10 79.0 92.6 5:00p 64.7 6:00a 0.0 14.0 0.00 2.1 13.0 3:30p SW 11 82.3 95.5 5:30p 67.0 7:00a 0.0 17.3 0.00 1.6 19.0 3:00p SSW 12 85.8 97.4 5:30p 73.0 7:00a 0.0 20.8 0.00 3.3 21.0 5:30p ESE 13 83.9 95.3 4:30p 70.5 7:00a 0.0 18.9 0.00 3.8 19.0 2:30p E 14 82.8 92.4 4:30p 72.6 7:30a 0.0 17.8 0.00 3.4 23.0 11:30a ESE 15 81.4 92.7 3:30p 66.6 6:30a 0.0 16.4 0.00 2.4 16.0 1:30p SSE 16 82.7 93.8 5:00p 67.5 7:00a 0.0 17.7 0.00 3.1 19.0 1:00p ESE 17 83.1 93.0 3:30p 71.3 7:00a 0.0 18.1 0.00 3.7 20.0 1:00p E 18 82.1 95.4 4:30p 68.1 7:00a 0.0 17.1 0.00 1.9 22.0 12:30p ESE 19 85.2 99.4 3:00p 69.6 6:30a 0.0 20.2 0.00 2.1 20.0 5:00p SE 20 86.3 100.5 5:00p 71.2 7:00a 0.0 21.3 0.00 2.8 17.0 2:00p NNW 21 86.7 102.1 4:30p 71.3 5:30a 0.0 21.7 0.00 3.5 24.0 9:00p S 22 82.0 95.9 4:30p 68.5 12:00m 0.0 17.0 0.16 6.3 28.0 8:30p S 23 79.2 91.8 5:00p 67.8 1:00a 0.0 14.2 0.03 2.7 20.0 4:30p SSW 24 82.4 92.0 4:30p 70.3 7:30a 0.0 17.4 0.01 3.2 19.0 11:30a SSW 25 79.9 90.2 5:30p 69.5 7:00a 0.0 14.9 0.00 4.2 18.0 2:00p S 26 79.9 92.7 1:30p 66.6 7:00a 0.0 14.9 0.00 2.6 15.0 2:30p S 27 78.6 90.3 4:00p 66.5 6:30a 0.0 13.6 0.01 2.2 19.0 4:00p SSW 28 77.7 90.9 1:00p 65.6 6:30a 0.0 12.7 0.63 2.3 33.0 2:30p NE 29 79.5 91.3 2:00p 66.5 3:30a 0.0 14.5 0.00 4.4 23.0 12:00m E 30 78.0 89.7 3:30p 65.9 7:30a 0.0 13.0 0.00 5.7 22.0 1:00a E 31 77.0 90.0 4:00p 63.5 7:00a 0.0 12.1 0.00 1.7 18.0 5:30p SW ------------------------------------------------------------------------------------- 80.4 102.1 21 63.5 31 0.0 477.0 2.83 3.1 33.0 28 SSW Max >= 90.0: 24 Max <= 32.0: 0 Min <= 32.0: 0 Min <= 0.0: 0 Max Rain: 1.80 ON 08/02/07 Days of Rain: 5 (>.01 in) 4 (>.1 in) 1 (>1 in) Heat Base: 65.0 Cool Base: 65.0 Method: Integration