NOAA-style Climate Reports

- as reported from this site (LasCruces-Weather.com) beginning 04-03-07

2023: Jan | Feb | Mar | Apr | May | Jun | Jul | Aug | Sep | Oct | Nov | Dec 
2022: Jan | Feb | Mar | Apr | May | Jun | Jul | Aug | Sep | Oct | Nov | Dec 
2021: Jan | Feb | Mar | Apr | May | Jun | Jul | Aug | Sep | Oct | Nov | Dec 
2020: Jan | Feb | Mar | Apr | May | Jun | Jul | Aug | Sep | Oct | Nov | Dec 
2019: Jan | Feb | Mar | Apr | May | Jun | Jul | Aug | Sep | Oct | Nov | Dec 
2018: Jan | Feb | Mar | Apr | May | Jun | Jul | Aug | Sep | Oct | Nov | Dec 
2017: Jan | Feb | Mar | Apr | May | Jun | Jul | Aug | Sep | Oct | Nov | Dec 
2016: Jan | Feb | Mar | Apr | May | Jun | Jul | Aug | Sep | Oct | Nov | Dec 
2015: Jan | Feb | Mar | Apr | May | Jun | Jul | Aug | Sep | Oct | Nov | Dec 
2014: Jan | Feb | Mar | Apr | May | Jun | Jul | Aug | Sep | Oct | Nov | Dec 
2013: Jan | Feb | Mar | Apr | May | Jun | Jul | Aug | Sep | Oct | Nov | Dec 
2012: Jan | Feb | Mar | Apr | May | Jun | Jul | Aug | Sep | Oct | Nov | Dec 
2011: Jan | Feb | Mar | Apr | May | Jun | Jul | Aug | Sep | Oct | Nov | Dec 
2010: Jan | Feb | Mar | Apr | May | Jun | Jul | Aug | Sep | Oct | Nov | Dec 
2009: Jan | Feb | Mar | Apr | May | Jun | Jul | Aug | Sep | Oct | Nov | Dec 
2008: Jan | Feb | Mar | Apr | May | Jun | Jul | Aug | Sep | Oct | Nov | Dec 
2007: Jan | Feb | Mar | Apr | May | Jun | Jul | Aug | Sep | Oct | Nov | Dec 

Report for 2007 07
MONTHLY CLIMATOLOGICAL SUMMARY for JUL. 2007 NAME: C32 CITY: Las Cruces|East Mesa STATE: NM ELEV: 4474 ft LAT: 32 24' 08" N LONG: 106 41' 01" W TEMPERATURE (F), RAIN (in), WIND SPEED (mph) HEAT COOL AVG MEAN DEG DEG WIND DOM DAY TEMP HIGH TIME LOW TIME DAYS DAYS RAIN SPEED HIGH TIME DIR ------------------------------------------------------------------------------------ 1 85.1 98.9 2:00p 70.0 7:00a 0.0 20.1 0.01 3.0 21.0 6:30p ESE 2 85.6 100.4 3:30p 69.4 6:00a 0.0 20.6 0.00 4.3 24.0 1:00p SSW 3 87.1 100.4 5:00p 67.9 7:00a 0.0 22.1 0.00 3.9 32.0 11:30p SW 4 83.1 96.4 4:30p 64.9 9:30p 0.0 18.2 0.25 7.5 31.0 9:00p E 5 75.6 89.9 4:00p 62.7 6:30a 0.1 10.7 0.19 4.5 26.0 1:00a N 6 77.0 87.8 3:30p 64.6 6:00a 0.0 12.0 0.00 4.3 22.0 7:00p E 7 78.9 92.0 5:30p 64.2 6:00a 0.0 14.0 0.00 1.7 19.0 3:30p ESE 8 83.6 98.1 5:00p 69.9 5:30a 0.0 18.6 0.00 2.5 18.0 10:30p SSW 9 85.1 99.8 4:30p 72.8 6:30a 0.0 20.1 0.01 3.9 24.0 4:30p SW 10 82.7 98.7 3:30p 69.8 12:00m 0.0 17.7 0.01 3.0 24.0 5:00p SW 11 74.4 88.1 2:30p 66.0 4:00a 0.0 9.4 0.11 4.4 22.0 7:00p E 12 75.3 90.6 3:00p 65.2 5:30a 0.0 10.3 0.08 3.0 27.0 5:30p E 13 78.9 92.8 4:30p 65.4 6:30a 0.0 13.9 0.00 3.7 22.0 8:30p S 14 76.9 89.1 6:30p 64.3 6:30a 0.0 11.9 0.73 2.7 22.0 3:00a S 15 81.6 93.3 4:00p 67.7 6:30a 0.0 16.6 0.00 2.1 15.0 2:00p SSE 16 83.1 96.7 4:00p 67.9 6:00a 0.0 18.1 0.00 1.9 13.0 4:00p ENE 17 85.5 97.2 3:30p 70.2 6:30a 0.0 20.5 0.00 3.5 18.0 12:00m E 18 83.5 95.8 5:00p 68.8 6:00a 0.0 18.5 0.00 3.4 27.0 5:00p ESE 19 82.0 95.8 5:30p 66.2 6:00a 0.0 17.0 0.00 3.0 22.0 9:30p SE 20 80.1 89.2 5:30p 70.0 7:00a 0.0 15.1 0.00 4.0 21.0 5:30p E 21 75.9 87.5 1:00p 69.8 9:30p 0.0 10.9 0.02 3.4 22.0 9:00p SSW 22 75.0 87.6 5:00p 65.1 6:30a 0.0 10.0 0.01 3.4 21.0 6:00p E 23 79.2 91.0 5:30p 69.3 5:00a 0.0 14.2 0.00 1.9 16.0 7:30p E 24 76.9 91.8 2:30p 67.5 7:00a 0.0 11.9 0.08 2.3 22.0 3:30p S 25 76.5 89.5 3:00p 64.6 7:00a 0.0 11.5 0.00 3.1 21.0 3:00p SW 26 79.9 93.2 4:00p 65.0 7:00a 0.0 14.9 0.00 2.0 18.0 11:00p SSW 27 78.4 90.3 5:30p 70.4 12:00m 0.0 13.4 0.00 4.0 23.0 4:00a S 28 75.6 89.5 2:30p 65.6 4:00a 0.0 10.6 0.01 2.5 19.0 7:00p S 29 75.6 87.3 3:00p 63.5 7:00a 0.0 10.7 0.04 3.7 33.0 9:30p S 30 75.4 88.3 4:30p 63.5 5:30a 0.0 10.4 0.00 3.1 19.0 6:00p SW 31 75.9 88.0 3:00p 68.4 5:00a 0.0 10.9 0.00 2.4 19.0 8:00p WSW ------------------------------------------------------------------------------------- 79.7 100.4 2 62.7 5 0.1 454.8 1.55 3.3 33.0 29 E Max >= 90.0: 19 Max <= 32.0: 0 Min <= 32.0: 0 Min <= 0.0: 0 Max Rain: 0.73 ON 07/14/07 Days of Rain: 8 (>.01 in) 4 (>.1 in) 0 (>1 in) Heat Base: 65.0 Cool Base: 65.0 Method: Integration