NOAA-style Climate Reports

- as reported from this site (LasCruces-Weather.com) beginning 04-03-07

2023: Jan | Feb | Mar | Apr | May | Jun | Jul | Aug | Sep | Oct | Nov | Dec 
2022: Jan | Feb | Mar | Apr | May | Jun | Jul | Aug | Sep | Oct | Nov | Dec 
2021: Jan | Feb | Mar | Apr | May | Jun | Jul | Aug | Sep | Oct | Nov | Dec 
2020: Jan | Feb | Mar | Apr | May | Jun | Jul | Aug | Sep | Oct | Nov | Dec 
2019: Jan | Feb | Mar | Apr | May | Jun | Jul | Aug | Sep | Oct | Nov | Dec 
2018: Jan | Feb | Mar | Apr | May | Jun | Jul | Aug | Sep | Oct | Nov | Dec 
2017: Jan | Feb | Mar | Apr | May | Jun | Jul | Aug | Sep | Oct | Nov | Dec 
2016: Jan | Feb | Mar | Apr | May | Jun | Jul | Aug | Sep | Oct | Nov | Dec 
2015: Jan | Feb | Mar | Apr | May | Jun | Jul | Aug | Sep | Oct | Nov | Dec 
2014: Jan | Feb | Mar | Apr | May | Jun | Jul | Aug | Sep | Oct | Nov | Dec 
2013: Jan | Feb | Mar | Apr | May | Jun | Jul | Aug | Sep | Oct | Nov | Dec 
2012: Jan | Feb | Mar | Apr | May | Jun | Jul | Aug | Sep | Oct | Nov | Dec 
2011: Jan | Feb | Mar | Apr | May | Jun | Jul | Aug | Sep | Oct | Nov | Dec 
2010: Jan | Feb | Mar | Apr | May | Jun | Jul | Aug | Sep | Oct | Nov | Dec 
2009: Jan | Feb | Mar | Apr | May | Jun | Jul | Aug | Sep | Oct | Nov | Dec 
2008: Jan | Feb | Mar | Apr | May | Jun | Jul | Aug | Sep | Oct | Nov | Dec 
2007: Jan | Feb | Mar | Apr | May | Jun | Jul | Aug | Sep | Oct | Nov | Dec 

Report for 2007 05
MONTHLY CLIMATOLOGICAL SUMMARY for MAY. 2007 NAME: C32 CITY: Las Cruces|East Mesa STATE: NM ELEV: 4474 ft LAT: 32 24' 08" N LONG: 106 41' 01" W TEMPERATURE (F), RAIN (in), WIND SPEED (mph) HEAT COOL AVG MEAN DEG DEG WIND DOM DAY TEMP HIGH TIME LOW TIME DAYS DAYS RAIN SPEED HIGH TIME DIR ------------------------------------------------------------------------------------ 1 69.8 85.6 4:00p 53.9 6:00a 2.4 7.2 0.05 3.5 25.0 10:00p SE 2 64.7 75.7 3:00p 54.2 7:00a 2.9 2.6 0.01 3.1 25.0 4:00p NNE 3 67.6 82.1 3:30p 51.3 5:00a 3.6 6.2 0.00 5.7 27.0 6:00p WSW 4 71.4 84.9 4:00p 55.9 6:00a 1.4 7.8 0.00 8.5 31.0 3:00p SW 5 69.2 80.2 3:30p 56.4 7:00a 1.1 5.3 0.00 10.6 33.0 2:30p SW 6 58.8 69.7 4:30p 48.6 12:00m 7.0 0.8 0.00 5.3 24.0 2:30p NNW 7 63.8 79.5 2:00p 42.4 6:00a 6.3 5.1 0.00 7.5 31.0 11:00p E 8 63.0 75.3 2:00p 52.8 6:00a 4.0 2.0 0.45 5.3 26.0 4:30a E 9 61.2 74.1 3:30p 49.7 6:30a 5.9 2.1 0.00 3.7 18.0 6:00p W 10 69.0 85.7 5:30p 49.0 6:30a 3.9 7.9 0.00 2.5 18.0 2:00p E 11 71.8 87.7 4:00p 55.1 6:00a 1.6 8.3 0.01 3.7 28.0 6:30p E 12 73.2 86.2 4:00p 55.9 6:30a 1.0 9.2 0.00 2.7 22.0 2:30p NE 13 73.6 86.6 3:30p 58.2 6:30a 0.8 9.4 0.00 2.6 15.0 12:30p ESE 14 74.8 89.7 4:30p 58.1 6:30a 0.7 10.5 0.01 3.0 19.0 12:00m E 15 71.7 86.8 3:00p 56.6 11:00p 1.4 8.1 0.11 8.4 36.0 7:00p E 16 66.2 76.0 3:30p 56.8 1:00a 2.2 3.4 0.39 5.3 23.0 11:30a E 17 66.2 76.5 5:00p 57.6 5:00a 1.9 3.1 0.09 3.7 17.0 5:00a E 18 68.4 81.0 4:00p 57.4 6:30a 1.5 4.9 0.00 3.1 22.0 9:00p E 19 71.5 82.5 4:30p 59.8 6:30a 0.6 7.1 0.00 4.8 22.0 2:30a E 20 72.4 86.3 4:00p 56.5 6:30a 1.1 8.5 0.00 3.4 21.0 2:00p SW 21 74.0 85.2 5:30p 60.4 3:30a 0.2 9.2 0.00 6.4 24.0 4:30p SW 22 70.8 83.1 5:00p 57.8 6:00a 1.3 7.1 0.00 5.8 24.0 5:00p SW 23 71.8 84.7 4:30p 58.8 6:30a 1.1 7.9 0.00 5.4 28.0 5:00p SW 24 69.7 84.9 5:00p 50.4 6:30a 3.0 7.7 0.00 6.6 27.0 11:00p N 25 69.8 82.5 4:30p 56.1 8:30p 1.7 6.5 0.39 5.9 37.0 8:30p E 26 68.0 80.8 6:00p 55.0 5:30a 2.8 5.8 0.03 2.8 20.0 12:30a SW 27 72.7 86.6 4:00p 60.0 6:30a 0.4 8.1 0.00 3.7 31.0 4:30p E 28 73.1 87.8 4:00p 56.7 6:00a 1.6 9.8 0.00 3.3 23.0 5:30p E 29 74.7 87.8 4:00p 58.0 5:00a 0.7 10.4 0.00 4.9 24.0 4:30p SW 30 74.2 89.0 4:30p 55.1 6:30a 1.1 10.3 0.00 2.8 14.0 6:00p SSW 31 76.9 92.3 4:00p 61.6 4:30a 0.2 12.1 0.00 3.3 20.0 3:30p SW ------------------------------------------------------------------------------------- 69.8 92.3 31 42.4 7 65.4 214.4 1.54 4.8 37.0 25 SW Max >= 90.0: 1 Max <= 32.0: 0 Min <= 32.0: 0 Min <= 0.0: 0 Max Rain: 0.45 ON 05/08/07 Days of Rain: 7 (>.01 in) 4 (>.1 in) 0 (>1 in) Heat Base: 65.0 Cool Base: 65.0 Method: Integration