NOAA-style Climate Reports

- as reported from this site (LasCruces-Weather.com) beginning 04-03-07

2023: Jan | Feb | Mar | Apr | May | Jun | Jul | Aug | Sep | Oct | Nov | Dec 
2022: Jan | Feb | Mar | Apr | May | Jun | Jul | Aug | Sep | Oct | Nov | Dec 
2021: Jan | Feb | Mar | Apr | May | Jun | Jul | Aug | Sep | Oct | Nov | Dec 
2020: Jan | Feb | Mar | Apr | May | Jun | Jul | Aug | Sep | Oct | Nov | Dec 
2019: Jan | Feb | Mar | Apr | May | Jun | Jul | Aug | Sep | Oct | Nov | Dec 
2018: Jan | Feb | Mar | Apr | May | Jun | Jul | Aug | Sep | Oct | Nov | Dec 
2017: Jan | Feb | Mar | Apr | May | Jun | Jul | Aug | Sep | Oct | Nov | Dec 
2016: Jan | Feb | Mar | Apr | May | Jun | Jul | Aug | Sep | Oct | Nov | Dec 
2015: Jan | Feb | Mar | Apr | May | Jun | Jul | Aug | Sep | Oct | Nov | Dec 
2014: Jan | Feb | Mar | Apr | May | Jun | Jul | Aug | Sep | Oct | Nov | Dec 
2013: Jan | Feb | Mar | Apr | May | Jun | Jul | Aug | Sep | Oct | Nov | Dec 
2012: Jan | Feb | Mar | Apr | May | Jun | Jul | Aug | Sep | Oct | Nov | Dec 
2011: Jan | Feb | Mar | Apr | May | Jun | Jul | Aug | Sep | Oct | Nov | Dec 
2010: Jan | Feb | Mar | Apr | May | Jun | Jul | Aug | Sep | Oct | Nov | Dec 
2009: Jan | Feb | Mar | Apr | May | Jun | Jul | Aug | Sep | Oct | Nov | Dec 
2008: Jan | Feb | Mar | Apr | May | Jun | Jul | Aug | Sep | Oct | Nov | Dec 
2007: Jan | Feb | Mar | Apr | May | Jun | Jul | Aug | Sep | Oct | Nov | Dec 

Report for 2007 04
MONTHLY CLIMATOLOGICAL SUMMARY for APR. 2007 NAME: C32 CITY: Las Cruces|East Mesa STATE: NM ELEV: 4474 ft LAT: 32 24' 08" N LONG: 106 41' 01" W TEMPERATURE (F), RAIN (in), WIND SPEED (mph) HEAT COOL AVG MEAN DEG DEG WIND DOM DAY TEMP HIGH TIME LOW TIME DAYS DAYS RAIN SPEED HIGH TIME DIR ------------------------------------------------------------------------------------ 1 2 3 65.1 82.9 5:30p 43.5 7:30a 5.5 5.6 0.00 2.6 23.0 5:00p E 4 64.8 83.2 4:00p 43.6 6:00a 5.7 5.5 0.00 2.3 19.0 5:30p E 5 66.4 83.6 5:30p 48.4 7:30a 4.6 6.0 0.00 3.1 23.0 3:30p E 6 64.5 81.0 3:30p 52.4 12:00m 3.6 3.1 0.00 4.2 27.0 5:30p E 7 48.2 56.6 4:30p 39.1 12:00m 16.8 0.0 0.00 4.3 19.0 3:00a ESE 8 53.4 74.1 6:00p 34.4 6:00a 13.1 1.5 0.00 3.6 22.0 6:30p SSW 9 63.8 74.5 3:30p 55.5 7:30a 2.9 1.7 0.00 9.1 33.0 3:00p WSW 10 65.2 76.1 3:30p 53.7 5:30a 2.8 2.9 0.00 12.7 33.0 4:00p W 11 63.0 76.1 4:00p 44.9 7:30a 5.0 3.0 0.00 6.5 31.0 4:30p WSW 12 64.8 77.2 1:30p 51.4 5:00a 3.6 3.5 0.00 8.4 35.0 3:00p SW 13 52.0 60.4 4:30p 42.5 7:00a 13.0 0.0 0.00 11.2 34.0 6:30a WSW 14 50.7 66.1 5:30p 32.8 6:30a 14.4 0.0 0.00 3.1 15.0 12:30p N 15 62.9 79.7 5:30p 35.9 7:00a 7.2 5.0 0.00 7.0 30.0 2:00p SE 16 61.3 75.8 2:00p 46.8 5:30a 5.9 2.2 0.00 6.1 34.0 5:00p SW 17 58.0 72.8 5:00p 43.1 7:30a 8.6 1.6 0.00 4.3 23.0 1:30p NNW 18 64.8 79.4 4:00p 50.9 6:30a 4.3 4.2 0.00 5.9 25.0 3:30p SW 19 67.3 80.0 4:00p 52.7 7:00a 2.6 4.9 0.00 6.3 24.0 2:30p WSW 20 67.6 81.3 5:30p 50.1 6:30a 3.2 5.7 0.00 6.0 32.0 1:30p SSW 21 61.9 73.7 12:30p 48.7 11:30p 4.2 1.1 0.00 9.0 34.0 3:30p WSW 22 58.1 75.2 5:30p 35.5 7:00a 9.0 2.1 0.00 3.8 22.0 12:00p SW 23 66.7 81.3 4:00p 51.0 6:30a 3.5 5.2 0.00 8.9 37.0 4:00p SW 24 58.2 69.8 6:00p 42.9 6:30a 7.6 0.8 0.00 5.4 28.0 2:30p W 25 62.4 77.3 5:30p 45.8 5:30a 6.1 3.4 0.00 3.6 25.0 2:00p NNW 26 68.8 83.5 4:00p 56.0 5:30a 2.5 6.3 0.00 4.6 24.0 4:30p SSW 27 70.1 87.2 3:30p 48.3 7:30a 3.9 9.0 0.00 5.4 25.0 11:00p E 28 70.9 80.0 4:00p 54.9 11:00p 1.1 7.0 0.66 12.6 40.0 8:00a E 29 58.9 68.6 12:30p 53.8 3:30a 6.3 0.2 0.10 4.8 30.0 2:30p N 30 64.4 82.2 4:00p 51.9 4:00a 4.0 3.5 0.00 4.2 33.0 5:30p SSW ------------------------------------------------------------------------------------- 62.3 87.2 27 32.8 14 171.0 95.0 0.76 6.0 40.0 28 SW Max >= 90.0: 0 Max <= 32.0: 0 Min <= 32.0: 0 Min <= 0.0: 0 Max Rain: 0.66 ON 04/28/07 Days of Rain: 2 (>.01 in) 1 (>.1 in) 0 (>1 in) Heat Base: 65.0 Cool Base: 65.0 Method: Integration