NOAA-style Climate Reports

- as reported from this site (LasCruces-Weather.com) beginning 04-03-07

2024: Jan | Feb | Mar | Apr | May | Jun | Jul | Aug | Sep | Oct | Nov | Dec 
2023: Jan | Feb | Mar | Apr | May | Jun | Jul | Aug | Sep | Oct | Nov | Dec 
2022: Jan | Feb | Mar | Apr | May | Jun | Jul | Aug | Sep | Oct | Nov | Dec 
2021: Jan | Feb | Mar | Apr | May | Jun | Jul | Aug | Sep | Oct | Nov | Dec 
2020: Jan | Feb | Mar | Apr | May | Jun | Jul | Aug | Sep | Oct | Nov | Dec 
2019: Jan | Feb | Mar | Apr | May | Jun | Jul | Aug | Sep | Oct | Nov | Dec 
2018: Jan | Feb | Mar | Apr | May | Jun | Jul | Aug | Sep | Oct | Nov | Dec 
2017: Jan | Feb | Mar | Apr | May | Jun | Jul | Aug | Sep | Oct | Nov | Dec 
2016: Jan | Feb | Mar | Apr | May | Jun | Jul | Aug | Sep | Oct | Nov | Dec 
2015: Jan | Feb | Mar | Apr | May | Jun | Jul | Aug | Sep | Oct | Nov | Dec 
2014: Jan | Feb | Mar | Apr | May | Jun | Jul | Aug | Sep | Oct | Nov | Dec 
2013: Jan | Feb | Mar | Apr | May | Jun | Jul | Aug | Sep | Oct | Nov | Dec 
2012: Jan | Feb | Mar | Apr | May | Jun | Jul | Aug | Sep | Oct | Nov | Dec 
2011: Jan | Feb | Mar | Apr | May | Jun | Jul | Aug | Sep | Oct | Nov | Dec 
2010: Jan | Feb | Mar | Apr | May | Jun | Jul | Aug | Sep | Oct | Nov | Dec 
2009: Jan | Feb | Mar | Apr | May | Jun | Jul | Aug | Sep | Oct | Nov | Dec 
2008: Jan | Feb | Mar | Apr | May | Jun | Jul | Aug | Sep | Oct | Nov | Dec 
2007: Jan | Feb | Mar | Apr | May | Jun | Jul | Aug | Sep | Oct | Nov | Dec 

Report for 2024 05
MONTHLY CLIMATOLOGICAL SUMMARY for MAY. 2024 NAME: C32 CITY: Las Cruces|East Mesa STATE: NM ELEV: 4474 ft LAT: 32 24' 08" N LONG: 106 41' 01" W TEMPERATURE (F), RAIN (in), WIND SPEED (mph) HEAT COOL AVG MEAN DEG DEG WIND DOM DAY TEMP HIGH TIME LOW TIME DAYS DAYS RAIN SPEED HIGH TIME DIR ------------------------------------------------------------------------------------ 1 73.5 86.8 5:00p 59.1 6:40a 0.9 9.3 0.00 5.5 25.0 12:55p WSW 2 71.3 85.8 4:20p 56.3 6:20a 1.6 7.9 0.00 4.1 21.0 4:30p WSW 3 71.8 86.4 4:50p 57.8 6:50a 1.7 8.4 0.00 4.5 20.0 2:55p SW 4 73.0 86.9 3:15p 59.4 6:10a 1.0 9.0 0.00 5.0 26.0 4:55p SW 5 74.4 87.9 3:40p 57.1 6:50a 0.9 10.3 0.00 6.1 26.0 6:25p SSW 6 70.9 79.7 5:25p 61.4 6:15a 0.4 6.2 0.00 9.5 30.0 2:20p WSW 7 70.5 82.5 4:50p 54.3 6:30a 1.4 6.9 0.00 7.5 31.0 5:50p WSW 8 70.7 82.7 5:30p 57.1 6:20a 1.3 7.0 0.00 6.7 30.0 2:35p WSW 9 70.4 83.5 5:50p 55.5 6:25a 1.8 7.1 0.00 5.1 26.0 3:10p WSW 10 70.9 88.1 5:45p 53.7 6:30a 2.7 8.6 0.00 5.8 32.0 10:45p E 11 74.4 86.5 3:35p 61.5 7:15a 0.2 9.7 0.00 6.2 28.0 12:35a WSW 12 69.4 82.2 4:00p 54.4 6:25a 2.2 6.6 0.00 5.8 27.0 5:30p WSW 13 72.4 86.6 5:40p 54.0 6:20a 1.5 9.0 0.00 2.7 30.0 2:20p E 14 74.5 89.4 5:30p 56.6 5:15a 1.7 11.2 0.00 3.4 24.0 2:40p E 15 75.6 89.0 4:05p 56.0 6:40a 1.0 11.6 0.00 4.5 23.0 3:30p WSW 16 68.8 77.8 2:45p 59.5 11:50a 0.5 4.3 0.08 5.5 33.0 3:40p NNE 17 73.7 90.0 5:30p 55.5 6:50a 1.6 10.3 0.00 2.9 17.0 3:25p SSW 18 79.0 93.5 4:25p 61.3 6:35a 0.3 14.2 0.00 3.9 21.0 4:25p SE 19 79.0 90.5 4:15p 65.6 6:35a 0.0 14.0 0.00 6.2 27.0 2:50p W 20 77.9 92.6 3:35p 62.0 6:05a 0.4 13.3 0.00 6.1 27.0 4:25p WSW 21 75.6 88.7 5:45p 58.9 5:40a 0.5 11.0 0.00 4.7 25.0 2:10p WSW 22 74.7 89.2 3:55p 58.3 4:10a 1.1 10.8 0.00 5.1 23.0 3:45p WSW 23 75.0 88.6 4:25p 59.9 5:55a 0.7 10.6 0.00 6.2 28.0 1:55p WSW 24 76.3 89.9 4:25p 59.2 6:10a 0.4 11.6 0.00 4.1 20.0 4:30p WSW 25 76.5 88.5 2:55p 62.5 5:55a 0.2 11.7 0.00 7.7 34.0 5:35p WSW 26 75.0 89.7 4:05p 55.5 6:25a 1.4 11.4 0.00 5.3 26.0 1:50p WSW 27 77.8 94.9 3:40p 58.6 5:55a 0.9 13.7 0.00 4.6 26.0 2:35p E 28 80.5 96.6 3:50p 59.7 6:00a 0.5 16.0 0.00 4.1 24.0 2:55p E 29 80.8 95.1 4:05p 68.1 5:05a 0.0 15.8 0.00 4.3 38.0 1:25p WSW 30 79.6 93.7 4:35p 59.1 6:25a 0.4 15.0 0.00 4.2 27.0 1:40p SW 31 80.2 97.1 3:30p 61.3 6:30a 0.3 15.4 0.00 3.2 21.0 4:25p SE ------------------------------------------------------------------------------------- 74.6 97.1 31 53.7 10 29.5 327.9 0.08 5.2 38.0 29 WSW Max >= 90.0: 9 Max <= 32.0: 0 Min <= 32.0: 0 Min <= 0.0: 0 Max Rain: 0.08 ON 05/16/24 Days of Rain: 1 (>.01 in) 0 (>.1 in) 0 (>1 in) Heat Base: 65.0 Cool Base: 65.0 Method: Integration